is 6 + (-2 + 7 - 10)?
1
(10 - (0 + -3)) + -20 + 13
6
What is the value of -10 + (7 + -2 - 1)?
-6
Calculate -1 + (-6 - -15) + -5.
3
What is the value of -7 - -7 - (1 + -1 - -5)?
-5
Evaluate 2 - (-3 + 0) - 10.
-5
3 - (7 - 8 - -6)
-2
Calculate 6 + -6 - (-2 - (-4 - -2)).
0
-6 - -1 - (4 - 9)
0
What is 10 - (-4 + 1 + 21)?
-8
What is 1 + -2 + -2 - -3?
0
Evaluate 1 - 3 - 2 - (-39 + 35).
0
What is (10 - 17) + (2 - -13)?
8
What is (3 + -3 - 3) + -4 + 14?
7
4 + 1 - 16 - (1 - 6)
-6
Evaluate -8 - -3 - (-66 + 53).
8
What is the value of 8 + (13 - 17 - (1 + -3))?
6
What is the value of (-3 - -2) + 0 - (-5 - -1)?
3
What is the value of -1 + 5 - (2 + 4 - -2)?
-4
Evaluate -10 + 11 + 0 + -4.
-3
-3 + 2 + 3 + (9 - 6)
5
Calculate 4 - (0 + 0 + 6).
-2
What is the value of -62 - -68 - (1 + 6)?
-1
Evaluate -5 + 4 + (4 - 6).
-3
Calculate -1 + 9 + -38 + 32 + 1.
3
Evaluate -4 + (4 - (-2 - 3)) - -2.
7
Calculate 6 - (6 - (-5 + 11 + -5)).
1
What is 0 + (22 - 13 - 19)?
-10
Evaluate 5 - (1 - (-5 + 2)).
1
Calculate (-1 - (-6 - -3)) + -7.
-5
-3 - -6 - (-2 + 9)
-4
What is 24 + -23 - (4 - 10)?
7
What is (-1 + 1 + -2 - -6) + 0?
4
(-2 - (6 + 3 + -6)) + 2
-3
What is 4 - (-2 + 3 + -4 - -5)?
2
What is 2 - (-1 + -4 + 4)?
3
Calculate 3 - (8 - 5) - 4.
-4
Evaluate 0 + -2 + (-5 - -7 - -5).
5
(4 + 1 - 5) + 0 + -1
-1
6 - ((8 - 8) + 6)
0
What is (1 - 0) + -1 + (8 - 4)?
4
Evaluate -5 + 1 + 0 + 7 + -5.
-2
Calculate 0 + (13 - 5) - 4.
4
What is (1 - 17) + (3 - 0) - -6?
-7
Evaluate -2 + 1 + -1 + (5 - 4).
-1
Evaluate 5 - (-5 + -6 + 9).
7
What is the value of 3 - (5 + -1 + 4)?
-5
-7 + (7 - (-10 - -19))
-9
Calculate -4 + -3 + 12 - -1.
6
What is -8 - (-5 + (0 + -5 - -7))?
-5
-2 + 0 + 0 + -1
-3
Evaluate 1 - 7 - (6 - (0 - -8)).
-4
Calculate 4 - (4 + 3 + -3) - -4.
4
0 - (-8 + 3 - 0)
5
Evaluate (2 - 0 - -1) + 2.
5
What is the value of (-4 - -11) + -8 + -4 + 9?
4
Evaluate 9 + -5 + 2 - 4.
2
0 - (-5 - (-5 - 1))
-1
Evaluate (0 - -5) + (-2 - 1).
2
(-21 + -4 - -11) + (6 - 0)
-8
1 + -3 + (-4 - (8 - 6))
-8
What is the value of (-6 + 14 - -1) + -8?
1
What is -9 + 8 + -1 + 10?
8
What is 14 - 3 - (-18 - -31)?
-2
-4 - 0 - (25 + -27)
-2
What is the value of -2 + (-5 - (-12 - -1) - 1)?
3
Calculate -2 + -3 + 3 + 2 + 3.
3
Evaluate -9 - -8 - (0 + -2 + 2).
-1
Evaluate 5 - (-3 + 15 + -6).
-1
10 - ((1 - 0) + 8)
1
What is the value of 1 + (5 - (-3 + 5) - 3)?
1
Evaluate -11 + (9 + 5 - 11).
-8
What is the value of -1 + (-4 - -5) + 6 + -11?
-5
Evaluate -4 - (-5 - (-4 - -5)).
2
What is the value of (6 + -8 - -1) + 1 + 4?
4
What is (-112 - -108) + (8 - 2 - 0)?
2
What is 8 - 4 - -2 - (14 - 3)?
-5
Calculate -6 + 1 + 0 - -10.
5
What is 1 + 5 + -10 + 3?
-1
What is the value of -3 + 1 + (-1 - 1)?
-4
What is 2 + (-3 - (0 + -2)) + -8?
-7
What is (12 - (-1 + 5)) + -5?
3
4 + 6 + -6 + 1
5
Calculate -3 - (0 + 0 + -3).
0
Evaluate (-4 - (-4 + -6)) + (-1 - 2).
3
What is the value of -20 + 20 + 0 + 4?
4
-8 + 0 - (3 + -2 - 4)
-5
What is -7 + -3 - 0 - -6?
-4
What is -4 + -1 - (-2 + -7 + 5)?
-1
-4 - -2 - -5 - (8 - 6)
1
Calculate -17 + 21 - (-2 - -5 - -1).
0
What is 6 + (5 - 13) - (6 - 5)?
-3
What is (3 + -12 - 3) + 7?
-5
Calculate 6 + (-2 - (-8 + 3) - 6).
3
Calculate -6 + (5 - (1 + -5)).
3
Evaluate 2 + 1 - (-6 - -4).
5
Calculate 3 + 2 - -1 - (1 + 0).
5
Calculate (-21 - -18) + (1 - -7).
5
What is (7 - (1 - -4)) + -2?
0
Evaluate -16 + 18 + (-1 - (1 + -2)).
2
What is 4 + 0 - (-2 - -7)?
-1
Evaluate 6 + 2 + 4 + (-13 - -6).
5
What is the value of -3 - (-1 + -2 + -3)?
3
What is the value of -3 + (-4 + 8 - 1)?
0
Evaluate 0 + 3 + (3 - (19 + -9)).
-4
What is 6 + -2 - 1 - 4?
-1
What is the value of (2 - -1) + -5 - (3 + 0)?
-5
Evaluate -14 + 13 + (0 - 6) + 4.
-3
What is the value of 9 + -5 + 3 - 4?
3
Evaluate (2 - 10) + (-30 - -37).
-1
What is the value of -2 - ((4 - 2) + 1 - 0)?
-5
What is -10 - (-29 + 14 - -2)?
3
Calculate -3 + 3 + 1 + -4.
-3
What is (-6 - -8) + (1 - 7)?
-4
What is (6 - 5) + 0 - (1 - -1)?
-1
What is the value of -21 - -20 - (-1 + 0)?
0
What is (4 - -1) + -1 + (0 - 2)?
2
(-3 - -2) + 2 + -1 + 1
1
Evaluate 1 + -3 - (3 + 6 + -6).
-5
Evaluate -9 + 7 + 0 + 8.
6
-1 + -9 + 11 + 8
9
What is the value of 3 + 1 + (-5 - -3)?
2
Evaluate -20 + 27 + -1 + -4 - 5.
-3
Evaluate -8 - ((27 - 36) + 7 + 1).
-7
Evaluate 3 - (5 + -4) - 1.
1
Evaluate -4 + (1 - -3) + (-2 - -3).
1
What is the value of -10 - (3 + -15) - -2?
4
Calculate 0 + (1 - -1) - (2 - -4).
-4
Calculate -5 + 1 + (4 - -2).
2
Calculate 0 + 17 + (96 - 105).
8
Evaluate 4 - 6 - (-1 - 3) - 6.
-4
What is the value of 2 - (6 - 5 - (0 + 2))?
3
What is the value of (-22 - -19) + (6 - 1)?
2
(-2 - -5) + (1 - 12) - -5
-3
-6 - ((3 - 6) + 3)
-6
What is the value of (-4 - -2 - 0) + -3 + 1?
-4
What is the value of (5 - -2) + -8 + 9?
8
Calculate 5 + -7 + -7 - -11.
2
What is -45 + 42 + (2 - (0 - 1))?
0
Calculate 13 + 2 + (-3 - 4) - 0.
8
6 - (-1 - (-7 - (2 - 5)))
3
2 + (-4 + -11 - -7)
-6
What is the value of 2 + 7 + -13 + 3?
-1
Calculate 6 - (21 + (-1 - 9)).
-5
What is (-2 + 0 - 4) + -16 + 19?
-3
Evaluate (4 - 4 - 0) + 4 - 2.
2
Calculate 6 + -5 + -1 + 1.
1
Evaluate (-47 - -46) + -3 + 0.
-4
What is the value of -4 + 1 - (-3 + 0)?
0
-4 + (3 - 2) - (-5 - 0)
2
Evaluate -1 + -8 - (-45 - -41).
-5
Evaluate 0 + 4 + -4 + 2 + 0.
2
(4 - -2 - 1 - 7) + -1
-3
Evaluate 6 + 5 - (4 - -13).
-6
What is (1 - -7) + 0 + 0?
8
Calculate -6 + 4 + 2 - 5.
-5
What is the value of -5 - (-15 - (-32 + 12))?
-10
(12 - 10 - 18) + 7
-9
Calculate -4 - 1 - (20 + -30).
5
Calculate -6 - (6 + 6 + -16).
-2
What is the value of -10 + 12 - (2 + 0 + 1)?
-1
What is the value of -3 - (5 - 4) - -2?
-2
-4 - (-4 - -6) - (1 + -2)
-5
Calculate -1 - (3 - 0) - (-12 + 4).
4
11 - (1 - 1 - -8)
3
Evaluate -4 - -7 - (2 + 0).
1
What is (-13 - -17) + -6 + -2?
-4
What is 6 + (-1 - -3) + -2 + -1?
5
(-12 - -15) + (-2 - 1)
0
4 - 0 - (-2 - (1 + -8))
-1
What is the value of -12 + 1 + 7 + -4 + 4?
-4
What is the value of 3 + (-1 - 0) + 7 + -10?
-1
What is the value of (-74 + 63 - (-1 + -7)) + 14?
11
What is -13 + 15 - (-2 - 3)?
7
Evaluate -6 + (6 - (8 - 8)).
0
What is -1 + 1 - (13 - 18 - -6)?
-1
What is the value of -6 - ((8 + 1 - 1) + -8)?
-6
What is the value of 4 - -3 - (-1 - -8)?
0
Calculate (-5 - 3) + 4 + 2 + -1.
-3
Calculate 2 - (6 + -13 - -7).
2
What is 13 - (11 - 6) - 14?
-6
Evaluate 8 - (9 + -14 + 12).
1
Calculate (2 - (6 - 2)) + 7.
5
Calculate 1 + (3 - (-1 - -2)).
3
What is -10 + 11 + -10 - -8?
-1
Evaluate -8 - (-6 + (-5 - -5)).
-2
Evaluate 2 + 4 - (6 + -5).
5
What is the value of -1 - (2 + -2) - (-4 - -3)?
0
Evaluate 3 + (2 - 7) - (-4 + 5).
-3
-11 + (1 - -6) - -4
0
1 - (7 - (-2 - -2))
-6
Evaluate 2 - 1 - (66 - 70).
5
Calculate -6 + 4 + -7 + 3 - -2.
-4
Calculate -10 + 5 + 3 + -3.
-5
What is (-29 - -38) + -6 + 0 - 0?
3
-3 + 4 + (-1 - 2)
-2
Calculate (11 - (9 + -1)) + -1 + 2.
4
What is 0 - (-7 + 4 - -6)?
-3
3 - (2 + -3) - 0
4
What is (2 - (-5 - -1)) + -11?
-5
Calculate (-3 - -1) + (-2 + 4 - 1).
-1
Calculate -2 + 8 + 71 + -80.
-3
What is the value of 0 - (-7 + 2 - 3 - -4)?
4
What is 11 + -3 + -7 - (4 - 8)?
5
What is the value of (1 + -5 - (-3 - -5)) + 1?
-5
Calculate (5 - (-3 + 10)) + (-1 - -2).
-1
Evaluate 8 - 9 - (-1 + 3 + 3).
-6
-5 - (6 + -14 + 2)
1
Calculate (-2 - 0) + 1 - 0.
-1
0 - (3 + -1 + -7)
5
What is the value of (7 - 9 - -4) + -4?
-2
Evaluate -9 - ((-5 - (-6 + 9)) + 4).
-5
What is the value of (6 - 3) + -4 + -3?
-4
What is 4 + -8 + 0 + 0?
-4
Evaluate 25 + -31 - (-11 - 1).
6
-5 - (0 + (-1 - 0))
-4
What is 5 + -2 - (0 - -1) - -2?
4
What is 2 - (7 + -9) - 1?
3
(-2 - -4) + (-1 - (8 + -2))
-5
Evaluate -5 - (-2 + (3 - 6)).
0
What is -1 + (-4 - -5) - -4?
4
(3 - 4) + -2 + (-3 - -5)
-1
1 + 2 - (-1 + (19 - 9))
-6
What is 4 - (19 - 6 - 10)?
1
What is 44 - 38 - ((-1 - -1) + 1)?
5
What is the value of -3 + -8 + -1 + (53 - 50)?
-9
What is the value of (1 - 5 - -6 - -2) + -2?
2
Evaluate 7 + -10 - (-3 + 1).
-1
Evaluate 0 + 2 + -2 + 27 + -27.
0
-4 + (-11 - -5) + (12 - 1)
1
What is the value of 3 + (-1 - (-2 + 2 - 2))?
4
Calculate -3 - (4 - (3 - 1)).
-5
Evaluate -3 + (-8 - (-4 + (8 - 25))).
10
What is 1 + 2 - ((-10 - -2) + 6)?
5
What is (-12 - -21) + -2 - 4?
3
Calculate 5 + 5 + -9 + -2.
-1
What is the value of 1 + 1 - (18 - 11)?
-5
Calculate 1 + (-3 - 5) + 2.
-5
(3 - (-2 - 1)) + -6
0
What is (1 - -6) + -4 - -1?
4
2 + 1 - (1 + -3 - -3)
2
What is the value of 3 - ((-4 - -1) + (4 - 3)